220. Calculate the remainder when (-4 - 10)*(-15)/i is divided by r.
16
Suppose -n - 3*l + 440 = 0, 3*n + 272*l = 274*l + 1243. Calculate the remainder when n is divided by 94.
43
Let r(v) = -v**3 + 9*v**2 + 26. Calculate the remainder when 164 is divided by r(0).
8
Let a be 4/6*(14 - 8 - 27). What is the remainder when 29 is divided by (a - -22) + (1 - -7)?
13
Let y(g) = -3*g - 44. Let k be y(-15). Let x(l) = 75*l**2 + l - 2. Calculate the remainder when 221 is divided by x(k).
73
What is the remainder when 200 is divided by 27 + 1 + (0 - -7)?
25
Suppose 337*q + 20 = 342*q. Suppose -8*r + 3*r = -120. Let u = r + q. What is the remainder when u is divided by 8?
4
Suppose 2*r = -f + 136, 6*r - 680 = -5*f + r. What is the remainder when 263 is divided by f?
127
Let z be (1/4)/(72/576). Suppose -3*d - 2*d = -y - 3, 0 = -z*y + 5*d - 1. Calculate the remainder when 14 is divided by y.
0
Suppose 26*z = 23*z + 30. Suppose -4*x - 186 = -z*x. Calculate the remainder when x is divided by 13.
5
Calculate the remainder when 35 + (-4070)/111 - (-24706)/6 is divided by 142.
140
Let i be (2/(-6))/((-2)/1626). Let l = 386 - i. Suppose -5*b + 0*b = -l. Calculate the remainder when 44 is divided by b.
21
Suppose 69*y + 4660 = 89*y. What is the remainder when y is divided by 48?
41
Let t(a) = -2*a**2 - 100*a + 3416. Suppose 3*s = -5*q + 4*s + 2610, 5*q - 2625 = 4*s. Calculate the remainder when q is divided by t(23).
57
Suppose -183*k + 37676 + 195771 - 1586 = 0. What is the remainder when k is divided by 160?
147
Suppose -n + 4 - 10 = -4*f, 13 = 3*f - 5*n. Suppose 9*g = 4345 - 907. Suppose -158 = 28*s - g. Calculate the remainder when s is divided by f.
0
Let p = -88 + 89. Suppose 5*i - 5*h - 402 = -4*h, -i + h + 78 = 0. Calculate the remainder when i is divided by p*22 + (-60 - -60).
15
Let n be (4/(-4))/((-2)/(-8)). Let s be n + (6 - 4/2). Suppose s = 5*t - 14*t + 270. What is the remainder when t is divided by 8?
6
Let a(x) = 13*x - 854 + 414 - x**2 + 423. What is the remainder when 32 is divided by a(11)?
2
Suppose 2*i + 0*x = 3*x - 3, -3 = -x. Let a(y) = -14*y - 4*y**2 + 0*y**2 + i*y**2 + 4*y**2 + 4. Calculate the remainder when a(6) is divided by 15.
13
Suppose 18*y = 20*y - 8, 0 = 5*x + 2*y - 68. Calculate the remainder when -8 - 100/(-12) - (-1016)/x is divided by 4.
1
Let k = -249 - -265. Calculate the remainder when (-2)/3 + (-177)/(-9) is divided by k*((-2)/6)/((-6)/9).
3
Let y(g) = -388*g - 79. Let r be y(-2). Let m = r + -574. Calculate the remainder when m is divided by 56.
11
Let q(h) = -h**3 + 5*h**2 + 2*h - 8. Let j be q(5). Let s be 1/((-2)/(-4)*j)*-1. Let r = 17 - s. Calculate the remainder when 141 is divided by r.
15
Let u = 139 + 165. Let t = u - 166. Calculate the remainder when t is divided by 35.
33
Let h = -22 - -18. Suppose 2*q = -8*q + 380. What is the remainder when ((-12)/18)/(h/438) is divided by q?
35
Let d(t) = -5*t**3 + 94*t**2 + 26*t - 75. What is the remainder when 693 is divided by d(19)?
55
Let w = -5184 - -5406. Calculate the remainder when w is divided by 75.
72
Suppose -2234 = -4*g - k, 17*g + 3*k + 539 = 18*g. Calculate the remainder when 1675 is divided by g.
4
Let c = -270 + 273. What is the remainder when 175 is divided by -4*(c - 81/12)?
10
Calculate the remainder when -615*(7/(-3) - (-8 - -7)) is divided by 405.
10
Suppose -13*i - 1505 = -18*i. Let u = -281 + i. What is the remainder when u is divided by 4?
0
Let c(o) = o**2 + o - 1. Let a(p) = p**3 + 15*p**2 + 85*p + 1156. What is the remainder when a(-12) is divided by c(4)?
17
Let k = -1146 - -1991. Suppose -11747 = -128*t - 1128 + 2949. Calculate the remainder when k is divided by t.
103
Let h be (-40)/(0 - 1)*(12 + 21). Suppose -1281 = 3*f - h. Calculate the remainder when 49 is divided by f.
10
Suppose 14*l - 100 = 4*l. Suppose 55 = 5*v + 5*r, -l = 3*r + 2*r. What is the remainder when v is divided by 8?
5
Suppose u - 9*u = -400. Let c = u - -35. Suppose -39*i + c = -34*i. Calculate the remainder when i is divided by 6.
5
Let f(o) = 5*o**2 - 2*o + 1. Let k(p) = -p**2 + 7*p - 2. Let m be k(3). Suppose -1440 = -22*s - m*s. Calculate the remainder when s is divided by f(2).
11
Suppose -321 = 2*z - 331. Suppose 30 = p - 4*w, -2*p - z*w = -6*p + 131. What is the remainder when 97 is divided by p?
29
Let d(j) = 186*j + 394. What is the remainder when 2726 is divided by d(-2)?
20
Let g be 2/(-12) - (-53521)/(-138). Let u = -360 - g. Calculate the remainder when 222 is divided by u.
26
Suppose 106*y - 1726 = -454. What is the remainder when 330 is divided by y?
6
Suppose 67 - 318 = -46*v + 209. What is the remainder when 3489 is divided by v?
9
Calculate the remainder when 3818/6 - (-364)/546 is divided by 58.
57
Let j(i) = 16*i - 459. Calculate the remainder when j(44) is divided by 16.
5
Suppose -127 - 187 = -13*h - 54. Let d = -4 - -24. Calculate the remainder when d is divided by h.
0
Suppose 4806 - 726 = -8*v + 23*v. What is the remainder when v is divided by 19?
6
Let q be 38612/112 + 1/4. Let n = q - 308. What is the remainder when 146 is divided by n?
35
Let i be (2 + 30)*(-85)/(-68). Suppose 16*k - i - 1128 = 0. Calculate the remainder when k is divided by 1 + 26 - 4/2.
23
Let p be 8/5 + (-6 - 192/(-30)). What is the remainder when 26 is divided by 0 + (-217)/(-14) + p/4?
10
Let u = 357 - 378. Let q be (-1383)/(-5) + 6/15. Calculate the remainder when q/6 - (u/18)/(-7) is divided by 19.
8
Let j = 51 + 42. Let s(y) = 4*y**2 - 8*y + 14. Calculate the remainder when j is divided by s(3).
15
Let g be 1554/((-27)/(-9)) + -2. Suppose 1024 + g = 5*w. What is the remainder when w is divided by 39?
35
Suppose -3*z = -z. Suppose 4*h = 2*h - 2*c + 172, z = 3*h + 4*c - 261. Suppose -4*b + 4*u = -56, u - 4 + 1 = 0. What is the remainder when h is divided by b?
15
Let w(b) = 8 - 4 + 1 + b + 14. Calculate the remainder when w(37) is divided by 18.
2
Suppose -880 = 116*r - 132*r. Calculate the remainder when 145 is divided by r.
35
Let r be 1950/(-7) - (-6)/63*6. Let o = -227 - r. Calculate the remainder when 148 is divided by o.
46
Let r(d) = 18*d - 30. Let v be r(4). Let t = 9 + -7. What is the remainder when (-5 + v/4)*2 is divided by t?
1
Suppose 0 = -8*d + 6*d + 28. Suppose 4*a = 3*q + 1676, -5*a + 3*a - 5*q + 812 = 0. Calculate the remainder when a is divided by d.
10
Let s = 30916 + -30907. Let b(q) = 2*q**2 - 7*q - 5. Let n be 2/(-3)*63/(-6). Calculate the remainder when b(n) is divided by s.
8
Suppose 4*t + 3*d - 27 = 0, 4*t + 5*d = -0*d + 29. Let f(w) = -27515*w + 40. Calculate the remainder when f(0) is divided by t.
4
Let m(t) = -t**2 + 7*t - 10. Let p be m(5). Let z(x) = -2*x - 1. Let g be z(p). Let c(i) = -15*i + 1. What is the remainder when 44 is divided by c(g)?
12
Let n(k) = -7*k**2 + 200*k + 132. What is the remainder when 106 is divided by n(29)?
16
Suppose 48*i = 49*i - 93. Let u = i + -89. Calculate the remainder when 78 is divided by u.
2
Let j = -269 + 271. Suppose f - 712 = -j*l, 10*f + 1787 = 5*l + 9*f. What is the remainder when l is divided by 10?
7
Suppose -5*b + r + 118 = 31, 36 = 2*b - r. Suppose 2*z + 36 = 3*x - 57, -4*z + 31 = x. What is the remainder when x is divided by b?
14
Suppose 2*c - 18 = -4*y, -2*c - 15 = -4*c - y. Suppose -2*z + 7*z = 4*o - 412, -z - 68 = 4*o. Let l = z - -107. What is the remainder when l is divided by c?
6
What is the remainder when (-4)/14 + ((-51200)/35)/(-10) is divided by (-1485)/(-66)*(-4)/6*-1?
11
Suppose -99*r + 1360 = -79*r. Calculate the remainder when 72 is divided by r.
4
Let l(a) = 2*a**3 + 25*a**2 + 14*a + 90. Calculate the remainder when 1711 is divided by l(-12).
61
Let w = 3069 - 1929. What is the remainder when w is divided by 9?
6
What is the remainder when 681 is divided by (-7 - 0)*-6*1260/245?
33
Suppose 4*w - w - 2616 = -21*w. Calculate the remainder when 452 is divided by w.
16
What is the remainder when 222 is divided by ((-116)/5)/((-48)/120)?
48
Suppose 0 = d + 17 - 12. What is the remainder when 284 is divided by (50/(-8) - d) + 338/8?
38
Suppose 0 = -144*b + 92*b + 2496. Calculate the remainder when 2302 is divided by b.
46
Suppose -6*u + 247 = -581. Suppose -225*c + 231*c = u. Calculate the remainder when c is divided by 8.
7
Let u(h) = -45*h + 5102. Calculate the remainder when 